?
15
Calculate the remainder when 4736 is divided by 47.
36
Calculate the remainder when 28861 is divided by 2405.
1
Calculate the remainder when 5059561 is divided by 218.
217
Calculate the remainder when 1664 is divided by 1039.
625
Calculate the remainder when 1395472 is divided by 379.
373
Calculate the remainder when 6173 is divided by 264.
101
What is the remainder when 8941 is divided by 623?
219
What is the remainder when 7341 is divided by 1814?
85
What is the remainder when 5759 is divided by 1715?
614
Calculate the remainder when 17542 is divided by 8746.
50
Calculate the remainder when 92850 is divided by 159.
153
Calculate the remainder when 125848 is divided by 31462.
0
What is the remainder when 45233 is divided by 4978?
431
What is the remainder when 145 is divided by 63?
19
Calculate the remainder when 86618 is divided by 893.
890
What is the remainder when 231177 is divided by 1663?
20
What is the remainder when 30636 is divided by 179?
27
What is the remainder when 1604 is divided by 1350?
254
What is the remainder when 940 is divided by 460?
20
What is the remainder when 633 is divided by 112?
73
What is the remainder when 326809 is divided by 106?
11
What is the remainder when 3841 is divided by 430?
401
Calculate the remainder when 5499 is divided by 341.
43
Calculate the remainder when 7836 is divided by 3836.
164
What is the remainder when 16399 is divided by 25?
24
Calculate the remainder when 3916883 is divided by 35.
33
Calculate the remainder when 979 is divided by 361.
257
Calculate the remainder when 2080 is divided by 422.
392
Calculate the remainder when 17490 is divided by 126.
102
What is the remainder when 42276 is divided by 42272?
4
Calculate the remainder when 113214 is divided by 232.
230
What is the remainder when 55276 is divided by 3937?
158
Calculate the remainder when 129789 is divided by 416.
413
Calculate the remainder when 3609 is divided by 481.
242
What is the remainder when 596873 is divided by 9474?
11
Calculate the remainder when 45993 is divided by 261.
57
Calculate the remainder when 628043 is divided by 398.
397
Calculate the remainder when 1666 is divided by 787.
92
Calculate the remainder when 5719 is divided by 460.
199
What is the remainder when 363 is divided by 330?
33
What is the remainder when 39830 is divided by 3312?
86
What is the remainder when 7103 is divided by 2312?
167
What is the remainder when 31447 is divided by 15709?
29
What is the remainder when 406429 is divided by 485?
484
What is the remainder when 1381 is divided by 810?
571
Calculate the remainder when 6479 is divided by 57.
38
What is the remainder when 2070 is divided by 259?
257
What is the remainder when 9735 is divided by 1947?
0
Calculate the remainder when 47855 is divided by 15950.
5
Calculate the remainder when 1516 is divided by 137.
9
What is the remainder when 380578 is divided by 48?
34
Calculate the remainder when 1097 is divided by 383.
331
Calculate the remainder when 4081 is divided by 1223.
412
What is the remainder when 290391 is divided by 634?
19
Calculate the remainder when 14645 is divided by 7254.
137
Calculate the remainder when 3639 is divided by 307.
262
What is the remainder when 5257 is divided by 39?
31
What is the remainder when 641 is divided by 224?
193
Calculate the remainder when 40449 is divided by 32.
1
Calculate the remainder when 4413 is divided by 2076.
261
Calculate the remainder when 114 is divided by 19.
0
What is the remainder when 2804 is divided by 23?
21
What is the remainder when 2184 is divided by 369?
339
What is the remainder when 43368 is divided by 163?
10
What is the remainder when 14684 is divided by 14674?
10
What is the remainder when 6223 is divided by 373?
255
Calculate the remainder when 274295 is divided by 16135.
0
Calculate the remainder when 7625 is divided by 109.
104
What is the remainder when 3067 is divided by 219?
1
What is the remainder when 59691 is divided by 574?
569
What is the remainder when 965 is divided by 136?
13
Calculate the remainder when 179 is divided by 138.
41
What is the remainder when 1415831 is divided by 14?
11
What is the remainder when 2298 is divided by 504?
282
Calculate the remainder when 4492 is divided by 173.
167
Calculate the remainder when 6196 is divided by 516.
4
Calculate the remainder when 777559 is divided by 17.
13
What is the remainder when 1197 is divided by 251?
193
Calculate the remainder when 3424 is divided by 118.
2
What is the remainder when 10994659 is divided by 20?
19
Calculate the remainder when 63830 is divided by 31.
1
Calculate the remainder when 6276 is divided by 186.
138
What is the remainder when 84760 is divided by 102?
100
What is the remainder when 601471 is divided by 2032?
2031
Calculate the remainder when 87053 is divided by 1506.
1211
Calculate the remainder when 29315 is divided by 79.
6
What is the remainder when 102228 is divided by 104?
100
Calculate the remainder when 41533 is divided by 25.
8
Calculate the remainder when 335996 is divided by 200.
196
What is the remainder when 4566 is divided by 1333?
567
What is the remainder when 361641 is divided by 8410?
11
Calculate the remainder when 40677 is divided by 360.
357
What is the remainder when 3252 is divided by 464?
4
What is the remainder when 2116 is divided by 89?
69
What is the remainder when 67434 is divided by 102?
12
What is the remainder when 936 is divided by 221?
52
What is the remainder when 40372 is divided by 20182?
8
What is the remainder when 3698 is divided by 88?
2
Calculate the remainder when 2363 is divided by 473.
471
Calculate the remainder when 15684 is divided by 15348.
336
What is the remainder when 64784 is divided by 49?
6
What is the remainder when 16380 is divided by 228?
192
Calculate the remainder when 4893 is divided by 1623.
24
Calculate the remainder when 39598 is divided by 69.
61
Calculate the remainder when 2991 is divided by 41.
39
What is the remainder when 1865504 is divided by 161?
158
Calculate the remainder when 2677 is divided by 60.
37
What is the remainder when 745693 is divided by 186423?
1
What is the remainder when 205858 is divided by 21?
16
What is the remainder when 3894 is divided by 662?
584
What is the remainder when 4880 is divided by 1544?
248
What is the remainder when 42268 is divided by 10?
8
Calculate the remainder when 27379 is divided by 13647.
85
Calculate the remainder when 5240 is divided by 2254.
732
What is the remainder when 2273 is divided by 1131?
11
What is the remainder when 2598 is divided by 8?
6
Calculate the remainder when 24718 is divided by 882.
22
Calculate the remainder when 1065 is divided by 270.
255
What is the remainder when 13927 is divided by 775?
752
What is the remainder when 1693 is divided by 950?
743
What is the remainder when 640703 is divided by 791?
784
Calculate the remainder when 14813 is divided by 436.
425
Calculate the remainder when 217593 is divided by 693.
684
Calculate the remainder when 68602 is divided by 121.
116
Calculate the remainder when 3863 is divided by 1540.
783
What is the remainder when 7998 is divided by 449?
365
Calculate the remainder when 31857 is divided by 15.
12
Calculate the remainder when 2617 is divided by 1275.
67
What is the remainder when 25941 is divided by 8647?
0
What is the remainder when 18865 is divided by 6283?
16
Calculate the remainder when 3748 is divided by 3743.
5
What is the remainder when 577559 is divided by 41?
33
Calculate the remainder when 634868 is divided by 168.
164
What is the remainder when 82655 is divided by 48?
47
Calculate the remainder when 1861 is divided by 28.
13
Calculate the remainder when 3247 is divided by 10.
7
Calculate the remainder when 4055 is divided by 16.
7
What is the remainder when 3704 is divided by 817?
436
What is the remainder when 254283 is divided by 46?
41
What is the remainder when 64029 is divided by 15?
9
Calculate the remainder when 15444 is divided by 4416.
2196
What is the remainder when 246 is divided by 46?
16
What is the remainder when 54775 is divided by 77?
28
Calculate the remainder when 35345 is divided by 448.
401
Calculate the remainder when 2264 is divided by 67.
53
Calculate the remainder when 117477 is divided by 8.
5
What i